{"version":"1.0","provider_name":"Cercle de Cultura","provider_url":"https:\/\/www.cercledecultura.org\/es\/","title":"Alfons Martinell, homenajeado en Colombia - Cercle de Cultura","type":"rich","width":600,"height":338,"html":"<blockquote class=\"wp-embedded-content\" data-secret=\"i4LKADm7l2\"><a href=\"https:\/\/www.cercledecultura.org\/es\/alfons-martinell-homenajeado-en-colombia\/\">Alfons Martinell, homenajeado en Colombia<\/a><\/blockquote><iframe sandbox=\"allow-scripts\" security=\"restricted\" src=\"https:\/\/www.cercledecultura.org\/es\/alfons-martinell-homenajeado-en-colombia\/embed\/#?secret=i4LKADm7l2\" width=\"600\" height=\"338\" title=\"\u00abAlfons Martinell, homenajeado en Colombia\u00bb \u2014 Cercle de Cultura\" data-secret=\"i4LKADm7l2\" frameborder=\"0\" marginwidth=\"0\" marginheight=\"0\" scrolling=\"no\" class=\"wp-embedded-content\"><\/iframe><script>\n\/*! This file is auto-generated *\/\n!function(d,l){\"use strict\";l.querySelector&&d.addEventListener&&\"undefined\"!=typeof URL&&(d.wp=d.wp||{},d.wp.receiveEmbedMessage||(d.wp.receiveEmbedMessage=function(e){var t=e.data;if((t||t.secret||t.message||t.value)&&!\/[^a-zA-Z0-9]\/.test(t.secret)){for(var s,r,n,a=l.querySelectorAll('iframe[data-secret=\"'+t.secret+'\"]'),o=l.querySelectorAll('blockquote[data-secret=\"'+t.secret+'\"]'),c=new RegExp(\"^https?:$\",\"i\"),i=0;i<o.length;i++)o[i].style.display=\"none\";for(i=0;i<a.length;i++)s=a[i],e.source===s.contentWindow&&(s.removeAttribute(\"style\"),\"height\"===t.message?(1e3<(r=parseInt(t.value,10))?r=1e3:~~r<200&&(r=200),s.height=r):\"link\"===t.message&&(r=new URL(s.getAttribute(\"src\")),n=new URL(t.value),c.test(n.protocol))&&n.host===r.host&&l.activeElement===s&&(d.top.location.href=t.value))}},d.addEventListener(\"message\",d.wp.receiveEmbedMessage,!1),l.addEventListener(\"DOMContentLoaded\",function(){for(var e,t,s=l.querySelectorAll(\"iframe.wp-embedded-content\"),r=0;r<s.length;r++)(t=(e=s[r]).getAttribute(\"data-secret\"))||(t=Math.random().toString(36).substring(2,12),e.src+=\"#?secret=\"+t,e.setAttribute(\"data-secret\",t)),e.contentWindow.postMessage({message:\"ready\",secret:t},\"*\")},!1)))}(window,document);\n\/\/# sourceURL=https:\/\/www.cercledecultura.org\/wp-includes\/js\/wp-embed.min.js\n<\/script>\n","thumbnail_url":"https:\/\/www.cercledecultura.org\/wp-content\/uploads\/2022\/05\/unnamed.jpeg","thumbnail_width":1257,"thumbnail_height":1280,"description":"La Universidad Tecnol\u00f3gica de Bol\u00edvar (Colombia) ha homenajeado al miembro de la junta del Cercle de Cultura Alfons Martinell, concedi\u00e9ndole la distinci\u00f3n de profesor honorario de la instituci\u00f3n. Es la primera vez que se entrega ese t\u00edtulo. Un merecido reconocimiento a quien, desde la C\u00e1tedra UNESCO de Pol\u00edticas Culturales de la Universitat de Girona y [&hellip;]"}

La Universidad Tecnológica de Bolívar (Colombia) ha homenajeado al miembro de la junta del Cercle de Cultura Alfons Martinell, concediéndole la distinción de profesor honorario de la institución. Es la primera vez que se entrega ese título. Un merecido reconocimiento a quien, desde la Cátedra UNESCO de Políticas Culturales de la Universitat de Girona y [&hellip;]
