{"version":"1.0","provider_name":"Cercle de Cultura","provider_url":"https:\/\/www.cercledecultura.org\/ca\/","title":"Proteccionismes culturals - Cercle de Cultura","type":"rich","width":600,"height":338,"html":"<blockquote class=\"wp-embedded-content\" data-secret=\"kHHJcd21wF\"><a href=\"https:\/\/www.cercledecultura.org\/ca\/proteccionismes_culturals_xavier_marce\/\">Proteccionismes culturals<\/a><\/blockquote><iframe sandbox=\"allow-scripts\" security=\"restricted\" src=\"https:\/\/www.cercledecultura.org\/ca\/proteccionismes_culturals_xavier_marce\/embed\/#?secret=kHHJcd21wF\" width=\"600\" height=\"338\" title=\"&#8220;Proteccionismes culturals&#8221; &#8212; Cercle de Cultura\" data-secret=\"kHHJcd21wF\" frameborder=\"0\" marginwidth=\"0\" marginheight=\"0\" scrolling=\"no\" class=\"wp-embedded-content\"><\/iframe><script>\n\/*! This file is auto-generated *\/\n!function(d,l){\"use strict\";l.querySelector&&d.addEventListener&&\"undefined\"!=typeof URL&&(d.wp=d.wp||{},d.wp.receiveEmbedMessage||(d.wp.receiveEmbedMessage=function(e){var t=e.data;if((t||t.secret||t.message||t.value)&&!\/[^a-zA-Z0-9]\/.test(t.secret)){for(var s,r,n,a=l.querySelectorAll('iframe[data-secret=\"'+t.secret+'\"]'),o=l.querySelectorAll('blockquote[data-secret=\"'+t.secret+'\"]'),c=new RegExp(\"^https?:$\",\"i\"),i=0;i<o.length;i++)o[i].style.display=\"none\";for(i=0;i<a.length;i++)s=a[i],e.source===s.contentWindow&&(s.removeAttribute(\"style\"),\"height\"===t.message?(1e3<(r=parseInt(t.value,10))?r=1e3:~~r<200&&(r=200),s.height=r):\"link\"===t.message&&(r=new URL(s.getAttribute(\"src\")),n=new URL(t.value),c.test(n.protocol))&&n.host===r.host&&l.activeElement===s&&(d.top.location.href=t.value))}},d.addEventListener(\"message\",d.wp.receiveEmbedMessage,!1),l.addEventListener(\"DOMContentLoaded\",function(){for(var e,t,s=l.querySelectorAll(\"iframe.wp-embedded-content\"),r=0;r<s.length;r++)(t=(e=s[r]).getAttribute(\"data-secret\"))||(t=Math.random().toString(36).substring(2,12),e.src+=\"#?secret=\"+t,e.setAttribute(\"data-secret\",t)),e.contentWindow.postMessage({message:\"ready\",secret:t},\"*\")},!1)))}(window,document);\n\/\/# sourceURL=https:\/\/www.cercledecultura.org\/wp-includes\/js\/wp-embed.min.js\n<\/script>\n","thumbnail_url":"https:\/\/www.cercledecultura.org\/wp-content\/uploads\/2021\/02\/jk8k3mEmLk2Gyi1E97UnZQ.jpg","thumbnail_width":972,"thumbnail_height":648,"description":"Xavier Marc\u00e9 subratlla que els grans equipaments culturals del pa\u00eds no disposen de fons patrimonials extraordinaris ni de recursos suficients per esdevenir espais de refer\u00e8ncia internacional. Marc\u00e9 diagnostica que el problema \u00e9s que \"m\u00e9s enll\u00e0 de la reivindicaci\u00f3 d'un suport estatal, no s'han pres decisions exemplificadores en mat\u00e8ria cultural\"."}

Xavier Marcé subratlla que els grans equipaments culturals del país no disposen de fons patrimonials extraordinaris ni de recursos suficients per esdevenir espais de referència internacional. Marcé diagnostica que el problema és que "més enllà de la reivindicació d'un suport estatal, no s'han pres decisions exemplificadores en matèria cultural".
