{"version":"1.0","provider_name":"Cercle de Cultura","provider_url":"https:\/\/www.cercledecultura.org\/ca\/","title":"Acte de presentaci\u00f3 de l'Ateneu Barcelon\u00e8s. Primer pas dels preparatius de CULTURA 2020. F\u00f2rum de reflexi\u00f3 sobre la cultura catalana - Cercle de Cultura","type":"rich","width":600,"height":338,"html":"<blockquote class=\"wp-embedded-content\" data-secret=\"O7nM7kgfFz\"><a href=\"https:\/\/www.cercledecultura.org\/ca\/presentacio_ateneu_barcelones\/\">Acte de presentaci\u00f3 de l&#8217;Ateneu Barcelon\u00e8s. Primer pas dels preparatius de CULTURA 2020. F\u00f2rum de reflexi\u00f3 sobre la cultura catalana<\/a><\/blockquote><iframe sandbox=\"allow-scripts\" security=\"restricted\" src=\"https:\/\/www.cercledecultura.org\/ca\/presentacio_ateneu_barcelones\/embed\/#?secret=O7nM7kgfFz\" width=\"600\" height=\"338\" title=\"&#8220;Acte de presentaci\u00f3 de l&#8217;Ateneu Barcelon\u00e8s. Primer pas dels preparatius de CULTURA 2020. F\u00f2rum de reflexi\u00f3 sobre la cultura catalana&#8221; &#8212; Cercle de Cultura\" data-secret=\"O7nM7kgfFz\" frameborder=\"0\" marginwidth=\"0\" marginheight=\"0\" scrolling=\"no\" class=\"wp-embedded-content\"><\/iframe><script>\n\/*! This file is auto-generated *\/\n!function(d,l){\"use strict\";l.querySelector&&d.addEventListener&&\"undefined\"!=typeof URL&&(d.wp=d.wp||{},d.wp.receiveEmbedMessage||(d.wp.receiveEmbedMessage=function(e){var t=e.data;if((t||t.secret||t.message||t.value)&&!\/[^a-zA-Z0-9]\/.test(t.secret)){for(var s,r,n,a=l.querySelectorAll('iframe[data-secret=\"'+t.secret+'\"]'),o=l.querySelectorAll('blockquote[data-secret=\"'+t.secret+'\"]'),c=new RegExp(\"^https?:$\",\"i\"),i=0;i<o.length;i++)o[i].style.display=\"none\";for(i=0;i<a.length;i++)s=a[i],e.source===s.contentWindow&&(s.removeAttribute(\"style\"),\"height\"===t.message?(1e3<(r=parseInt(t.value,10))?r=1e3:~~r<200&&(r=200),s.height=r):\"link\"===t.message&&(r=new URL(s.getAttribute(\"src\")),n=new URL(t.value),c.test(n.protocol))&&n.host===r.host&&l.activeElement===s&&(d.top.location.href=t.value))}},d.addEventListener(\"message\",d.wp.receiveEmbedMessage,!1),l.addEventListener(\"DOMContentLoaded\",function(){for(var e,t,s=l.querySelectorAll(\"iframe.wp-embedded-content\"),r=0;r<s.length;r++)(t=(e=s[r]).getAttribute(\"data-secret\"))||(t=Math.random().toString(36).substring(2,12),e.src+=\"#?secret=\"+t,e.setAttribute(\"data-secret\",t)),e.contentWindow.postMessage({message:\"ready\",secret:t},\"*\")},!1)))}(window,document);\n\/\/# sourceURL=https:\/\/www.cercledecultura.org\/wp-includes\/js\/wp-embed.min.js\n<\/script>\n","thumbnail_url":"https:\/\/www.cercledecultura.org\/wp-content\/uploads\/2021\/02\/a4Bo79cy2UCl21o68zV2IQ.jpg","thumbnail_width":644,"thumbnail_height":429,"description":"Dilluns 22 de febrer, a les 19h., a la sala d'actes del Cercle d'Economia se celebrar\u00e0 l'acte de presentaci\u00f3 de l'Ateneu Barcelon\u00e8s al Cercle de Cultura, a c\u00e0rrec de la seva vicepresidenta, Patr\u00edcia Gabancho, i del president del Cercle de Cultura, Francesc Bellmunt. Un acte que servir\u00e0 per anunciar l'inici dels treballs de la proposta CULTURA 2020. F\u00f2rum de reflexi\u00f3 sobre la cultura catalana, Barcelona 2016-2017, que ha decidit posar en marxa la Junta del Cercle de Cultura."}

Acte de presentació de l'Ateneu Barcelonès. Primer pas dels preparatius de CULTURA 2020. Fòrum de reflexió sobre la cultura catalana - Cercle de Cultura

<blockquote class="wp-embedded-content" data-secret="O7nM7kgfFz"><a href="https://www.cercledecultura.org/ca/presentacio_ateneu_barcelones/">Acte de presentació de l&#8217;Ateneu Barcelonès. Primer pas dels preparatius de CULTURA 2020. Fòrum de reflexió sobre la cultura catalana</a></blockquote><iframe sandbox="allow-scripts" security="restricted" src="https://www.cercledecultura.org/ca/presentacio_ateneu_barcelones/embed/#?secret=O7nM7kgfFz" width="600" height="338" title="&#8220;Acte de presentació de l&#8217;Ateneu Barcelonès. Primer pas dels preparatius de CULTURA 2020. Fòrum de reflexió sobre la cultura catalana&#8221; &#8212; Cercle de Cultura" data-secret="O7nM7kgfFz" frameborder="0" marginwidth="0" marginheight="0" scrolling="no" class="wp-embedded-content"></iframe><script>
/*! This file is auto-generated */
!function(d,l){"use strict";l.querySelector&&d.addEventListener&&"undefined"!=typeof URL&&(d.wp=d.wp||{},d.wp.receiveEmbedMessage||(d.wp.receiveEmbedMessage=function(e){var t=e.data;if((t||t.secret||t.message||t.value)&&!/[^a-zA-Z0-9]/.test(t.secret)){for(var s,r,n,a=l.querySelectorAll('iframe[data-secret="'+t.secret+'"]'),o=l.querySelectorAll('blockquote[data-secret="'+t.secret+'"]'),c=new RegExp("^https?:$","i"),i=0;i<o.length;i++)o[i].style.display="none";for(i=0;i<a.length;i++)s=a[i],e.source===s.contentWindow&&(s.removeAttribute("style"),"height"===t.message?(1e3<(r=parseInt(t.value,10))?r=1e3:~~r<200&&(r=200),s.height=r):"link"===t.message&&(r=new URL(s.getAttribute("src")),n=new URL(t.value),c.test(n.protocol))&&n.host===r.host&&l.activeElement===s&&(d.top.location.href=t.value))}},d.addEventListener("message",d.wp.receiveEmbedMessage,!1),l.addEventListener("DOMContentLoaded",function(){for(var e,t,s=l.querySelectorAll("iframe.wp-embedded-content"),r=0;r<s.length;r++)(t=(e=s[r]).getAttribute("data-secret"))||(t=Math.random().toString(36).substring(2,12),e.src+="#?secret="+t,e.setAttribute("data-secret",t)),e.contentWindow.postMessage({message:"ready",secret:t},"*")},!1)))}(window,document);
//# sourceURL=https://www.cercledecultura.org/wp-includes/js/wp-embed.min.js
</script>

Dilluns 22 de febrer, a les 19h., a la sala d'actes del Cercle d'Economia se celebrarà l'acte de presentació de l'Ateneu Barcelonès al Cercle de Cultura, a càrrec de la seva vicepresidenta, Patrícia Gabancho, i del president del Cercle de Cultura, Francesc Bellmunt. Un acte que servirà per anunciar l'inici dels treballs de la proposta CULTURA 2020. Fòrum de reflexió sobre la cultura catalana, Barcelona 2016-2017, que ha decidit posar en marxa la Junta del Cercle de Cultura.
