{"version":"1.0","provider_name":"Cercle de Cultura","provider_url":"https:\/\/www.cercledecultura.org\/ca\/","title":"Aposta per l'\u00e8xit dels continguts culturals - Cercle de Cultura","type":"rich","width":600,"height":338,"html":"<blockquote class=\"wp-embedded-content\" data-secret=\"vjz28ZJq5C\"><a href=\"https:\/\/www.cercledecultura.org\/ca\/exit_continguts_culturals_saul_gordillo\/\">Aposta per l&#8217;\u00e8xit dels continguts culturals<\/a><\/blockquote><iframe sandbox=\"allow-scripts\" security=\"restricted\" src=\"https:\/\/www.cercledecultura.org\/ca\/exit_continguts_culturals_saul_gordillo\/embed\/#?secret=vjz28ZJq5C\" width=\"600\" height=\"338\" title=\"&#8220;Aposta per l&#8217;\u00e8xit dels continguts culturals&#8221; &#8212; Cercle de Cultura\" data-secret=\"vjz28ZJq5C\" frameborder=\"0\" marginwidth=\"0\" marginheight=\"0\" scrolling=\"no\" class=\"wp-embedded-content\"><\/iframe><script>\n\/*! This file is auto-generated *\/\n!function(d,l){\"use strict\";l.querySelector&&d.addEventListener&&\"undefined\"!=typeof URL&&(d.wp=d.wp||{},d.wp.receiveEmbedMessage||(d.wp.receiveEmbedMessage=function(e){var t=e.data;if((t||t.secret||t.message||t.value)&&!\/[^a-zA-Z0-9]\/.test(t.secret)){for(var s,r,n,a=l.querySelectorAll('iframe[data-secret=\"'+t.secret+'\"]'),o=l.querySelectorAll('blockquote[data-secret=\"'+t.secret+'\"]'),c=new RegExp(\"^https?:$\",\"i\"),i=0;i<o.length;i++)o[i].style.display=\"none\";for(i=0;i<a.length;i++)s=a[i],e.source===s.contentWindow&&(s.removeAttribute(\"style\"),\"height\"===t.message?(1e3<(r=parseInt(t.value,10))?r=1e3:~~r<200&&(r=200),s.height=r):\"link\"===t.message&&(r=new URL(s.getAttribute(\"src\")),n=new URL(t.value),c.test(n.protocol))&&n.host===r.host&&l.activeElement===s&&(d.top.location.href=t.value))}},d.addEventListener(\"message\",d.wp.receiveEmbedMessage,!1),l.addEventListener(\"DOMContentLoaded\",function(){for(var e,t,s=l.querySelectorAll(\"iframe.wp-embedded-content\"),r=0;r<s.length;r++)(t=(e=s[r]).getAttribute(\"data-secret\"))||(t=Math.random().toString(36).substring(2,12),e.src+=\"#?secret=\"+t,e.setAttribute(\"data-secret\",t)),e.contentWindow.postMessage({message:\"ready\",secret:t},\"*\")},!1)))}(window,document);\n\/\/# sourceURL=https:\/\/www.cercledecultura.org\/wp-includes\/js\/wp-embed.min.js\n<\/script>\n","thumbnail_url":"https:\/\/www.cercledecultura.org\/wp-content\/uploads\/2021\/02\/Eh4wMgrmEWGqvwBaiqDVw.jpg","thumbnail_width":788,"thumbnail_height":525,"description":"Sa\u00fcl Gordillo, director de Catalunya R\u00e0dio, entra de nou en el debat sobre quina ha de ser la pres\u00e8ncia de la creaci\u00f3 cultural i art\u00edstica a la r\u00e0dio nacional i, per extensi\u00f3, al conjunt dels mitjans de comunicaci\u00f3 p\u00fablics. En aquest article, que publiquem en exclusiva, Gordillo defensa que la cultura sigui un contingut transversal als mitjans p\u00fablics, especialment als programes de m\u00e0xima audi\u00e8ncia, com a millor estrat\u00e8gia per fer-los arribar al conjunt de la societat."}

Aposta per l'èxit dels continguts culturals - Cercle de Cultura

<blockquote class="wp-embedded-content" data-secret="vjz28ZJq5C"><a href="https://www.cercledecultura.org/ca/exit_continguts_culturals_saul_gordillo/">Aposta per l&#8217;èxit dels continguts culturals</a></blockquote><iframe sandbox="allow-scripts" security="restricted" src="https://www.cercledecultura.org/ca/exit_continguts_culturals_saul_gordillo/embed/#?secret=vjz28ZJq5C" width="600" height="338" title="&#8220;Aposta per l&#8217;èxit dels continguts culturals&#8221; &#8212; Cercle de Cultura" data-secret="vjz28ZJq5C" frameborder="0" marginwidth="0" marginheight="0" scrolling="no" class="wp-embedded-content"></iframe><script>
/*! This file is auto-generated */
!function(d,l){"use strict";l.querySelector&&d.addEventListener&&"undefined"!=typeof URL&&(d.wp=d.wp||{},d.wp.receiveEmbedMessage||(d.wp.receiveEmbedMessage=function(e){var t=e.data;if((t||t.secret||t.message||t.value)&&!/[^a-zA-Z0-9]/.test(t.secret)){for(var s,r,n,a=l.querySelectorAll('iframe[data-secret="'+t.secret+'"]'),o=l.querySelectorAll('blockquote[data-secret="'+t.secret+'"]'),c=new RegExp("^https?:$","i"),i=0;i<o.length;i++)o[i].style.display="none";for(i=0;i<a.length;i++)s=a[i],e.source===s.contentWindow&&(s.removeAttribute("style"),"height"===t.message?(1e3<(r=parseInt(t.value,10))?r=1e3:~~r<200&&(r=200),s.height=r):"link"===t.message&&(r=new URL(s.getAttribute("src")),n=new URL(t.value),c.test(n.protocol))&&n.host===r.host&&l.activeElement===s&&(d.top.location.href=t.value))}},d.addEventListener("message",d.wp.receiveEmbedMessage,!1),l.addEventListener("DOMContentLoaded",function(){for(var e,t,s=l.querySelectorAll("iframe.wp-embedded-content"),r=0;r<s.length;r++)(t=(e=s[r]).getAttribute("data-secret"))||(t=Math.random().toString(36).substring(2,12),e.src+="#?secret="+t,e.setAttribute("data-secret",t)),e.contentWindow.postMessage({message:"ready",secret:t},"*")},!1)))}(window,document);
//# sourceURL=https://www.cercledecultura.org/wp-includes/js/wp-embed.min.js
</script>

Saül Gordillo, director de Catalunya Ràdio, entra de nou en el debat sobre quina ha de ser la presència de la creació cultural i artística a la ràdio nacional i, per extensió, al conjunt dels mitjans de comunicació públics. En aquest article, que publiquem en exclusiva, Gordillo defensa que la cultura sigui un contingut transversal als mitjans públics, especialment als programes de màxima audiència, com a millor estratègia per fer-los arribar al conjunt de la societat.
