{"version":"1.0","provider_name":"Cercle de Cultura","provider_url":"https:\/\/www.cercledecultura.org\/ca\/","title":"La cultura \u00e9s un dret - Cercle de Cultura","type":"rich","width":600,"height":338,"html":"<blockquote class=\"wp-embedded-content\" data-secret=\"zkqH7uWHvt\"><a href=\"https:\/\/www.cercledecultura.org\/ca\/cultura_dret_jordi_pardo\/\">La cultura \u00e9s un dret<\/a><\/blockquote><iframe sandbox=\"allow-scripts\" security=\"restricted\" src=\"https:\/\/www.cercledecultura.org\/ca\/cultura_dret_jordi_pardo\/embed\/#?secret=zkqH7uWHvt\" width=\"600\" height=\"338\" title=\"&#8220;La cultura \u00e9s un dret&#8221; &#8212; Cercle de Cultura\" data-secret=\"zkqH7uWHvt\" frameborder=\"0\" marginwidth=\"0\" marginheight=\"0\" scrolling=\"no\" class=\"wp-embedded-content\"><\/iframe><script>\n\/*! This file is auto-generated *\/\n!function(d,l){\"use strict\";l.querySelector&&d.addEventListener&&\"undefined\"!=typeof URL&&(d.wp=d.wp||{},d.wp.receiveEmbedMessage||(d.wp.receiveEmbedMessage=function(e){var t=e.data;if((t||t.secret||t.message||t.value)&&!\/[^a-zA-Z0-9]\/.test(t.secret)){for(var s,r,n,a=l.querySelectorAll('iframe[data-secret=\"'+t.secret+'\"]'),o=l.querySelectorAll('blockquote[data-secret=\"'+t.secret+'\"]'),c=new RegExp(\"^https?:$\",\"i\"),i=0;i<o.length;i++)o[i].style.display=\"none\";for(i=0;i<a.length;i++)s=a[i],e.source===s.contentWindow&&(s.removeAttribute(\"style\"),\"height\"===t.message?(1e3<(r=parseInt(t.value,10))?r=1e3:~~r<200&&(r=200),s.height=r):\"link\"===t.message&&(r=new URL(s.getAttribute(\"src\")),n=new URL(t.value),c.test(n.protocol))&&n.host===r.host&&l.activeElement===s&&(d.top.location.href=t.value))}},d.addEventListener(\"message\",d.wp.receiveEmbedMessage,!1),l.addEventListener(\"DOMContentLoaded\",function(){for(var e,t,s=l.querySelectorAll(\"iframe.wp-embedded-content\"),r=0;r<s.length;r++)(t=(e=s[r]).getAttribute(\"data-secret\"))||(t=Math.random().toString(36).substring(2,12),e.src+=\"#?secret=\"+t,e.setAttribute(\"data-secret\",t)),e.contentWindow.postMessage({message:\"ready\",secret:t},\"*\")},!1)))}(window,document);\n\/\/# sourceURL=https:\/\/www.cercledecultura.org\/wp-includes\/js\/wp-embed.min.js\n<\/script>\n","thumbnail_url":"https:\/\/www.cercledecultura.org\/wp-content\/uploads\/2021\/02\/Nj2X8uhBJkGdvDq3asgumw.jpg","thumbnail_width":580,"thumbnail_height":326,"description":"Jordi Pardo, director de la Fundaci\u00f3 Pau Casals i vicepresident del Cercle de Cultura, ha estat una de les personalitats del m\u00f3n cultural que ha participat en la s\u00e8rie de reflexions sobre el futur del sector \"La cultura en 300 paraules\" impulsada pel CoNCA."}

La cultura és un dret - Cercle de Cultura

<blockquote class="wp-embedded-content" data-secret="zkqH7uWHvt"><a href="https://www.cercledecultura.org/ca/cultura_dret_jordi_pardo/">La cultura és un dret</a></blockquote><iframe sandbox="allow-scripts" security="restricted" src="https://www.cercledecultura.org/ca/cultura_dret_jordi_pardo/embed/#?secret=zkqH7uWHvt" width="600" height="338" title="&#8220;La cultura és un dret&#8221; &#8212; Cercle de Cultura" data-secret="zkqH7uWHvt" frameborder="0" marginwidth="0" marginheight="0" scrolling="no" class="wp-embedded-content"></iframe><script>
/*! This file is auto-generated */
!function(d,l){"use strict";l.querySelector&&d.addEventListener&&"undefined"!=typeof URL&&(d.wp=d.wp||{},d.wp.receiveEmbedMessage||(d.wp.receiveEmbedMessage=function(e){var t=e.data;if((t||t.secret||t.message||t.value)&&!/[^a-zA-Z0-9]/.test(t.secret)){for(var s,r,n,a=l.querySelectorAll('iframe[data-secret="'+t.secret+'"]'),o=l.querySelectorAll('blockquote[data-secret="'+t.secret+'"]'),c=new RegExp("^https?:$","i"),i=0;i<o.length;i++)o[i].style.display="none";for(i=0;i<a.length;i++)s=a[i],e.source===s.contentWindow&&(s.removeAttribute("style"),"height"===t.message?(1e3<(r=parseInt(t.value,10))?r=1e3:~~r<200&&(r=200),s.height=r):"link"===t.message&&(r=new URL(s.getAttribute("src")),n=new URL(t.value),c.test(n.protocol))&&n.host===r.host&&l.activeElement===s&&(d.top.location.href=t.value))}},d.addEventListener("message",d.wp.receiveEmbedMessage,!1),l.addEventListener("DOMContentLoaded",function(){for(var e,t,s=l.querySelectorAll("iframe.wp-embedded-content"),r=0;r<s.length;r++)(t=(e=s[r]).getAttribute("data-secret"))||(t=Math.random().toString(36).substring(2,12),e.src+="#?secret="+t,e.setAttribute("data-secret",t)),e.contentWindow.postMessage({message:"ready",secret:t},"*")},!1)))}(window,document);
//# sourceURL=https://www.cercledecultura.org/wp-includes/js/wp-embed.min.js
</script>

Jordi Pardo, director de la Fundació Pau Casals i vicepresident del Cercle de Cultura, ha estat una de les personalitats del món cultural que ha participat en la sèrie de reflexions sobre el futur del sector "La cultura en 300 paraules" impulsada pel CoNCA.
