{"version":"1.0","provider_name":"Cercle de Cultura","provider_url":"https:\/\/www.cercledecultura.org\/ca\/","title":"L'Ateneu Barcelon\u00e8s s'adhereix al programa Catalunya 2020. F\u00f2rum de reflexi\u00f3 sobre la cultura catalana - Cercle de Cultura","type":"rich","width":600,"height":338,"html":"<blockquote class=\"wp-embedded-content\" data-secret=\"Xv6SckpqJx\"><a href=\"https:\/\/www.cercledecultura.org\/ca\/ateneu_barcelones_catalunya2020\/\">L&#8217;Ateneu Barcelon\u00e8s s&#8217;adhereix al programa Catalunya 2020. F\u00f2rum de reflexi\u00f3 sobre la cultura catalana<\/a><\/blockquote><iframe sandbox=\"allow-scripts\" security=\"restricted\" src=\"https:\/\/www.cercledecultura.org\/ca\/ateneu_barcelones_catalunya2020\/embed\/#?secret=Xv6SckpqJx\" width=\"600\" height=\"338\" title=\"&#8220;L&#8217;Ateneu Barcelon\u00e8s s&#8217;adhereix al programa Catalunya 2020. F\u00f2rum de reflexi\u00f3 sobre la cultura catalana&#8221; &#8212; Cercle de Cultura\" data-secret=\"Xv6SckpqJx\" frameborder=\"0\" marginwidth=\"0\" marginheight=\"0\" scrolling=\"no\" class=\"wp-embedded-content\"><\/iframe><script>\n\/*! This file is auto-generated *\/\n!function(d,l){\"use strict\";l.querySelector&&d.addEventListener&&\"undefined\"!=typeof URL&&(d.wp=d.wp||{},d.wp.receiveEmbedMessage||(d.wp.receiveEmbedMessage=function(e){var t=e.data;if((t||t.secret||t.message||t.value)&&!\/[^a-zA-Z0-9]\/.test(t.secret)){for(var s,r,n,a=l.querySelectorAll('iframe[data-secret=\"'+t.secret+'\"]'),o=l.querySelectorAll('blockquote[data-secret=\"'+t.secret+'\"]'),c=new RegExp(\"^https?:$\",\"i\"),i=0;i<o.length;i++)o[i].style.display=\"none\";for(i=0;i<a.length;i++)s=a[i],e.source===s.contentWindow&&(s.removeAttribute(\"style\"),\"height\"===t.message?(1e3<(r=parseInt(t.value,10))?r=1e3:~~r<200&&(r=200),s.height=r):\"link\"===t.message&&(r=new URL(s.getAttribute(\"src\")),n=new URL(t.value),c.test(n.protocol))&&n.host===r.host&&l.activeElement===s&&(d.top.location.href=t.value))}},d.addEventListener(\"message\",d.wp.receiveEmbedMessage,!1),l.addEventListener(\"DOMContentLoaded\",function(){for(var e,t,s=l.querySelectorAll(\"iframe.wp-embedded-content\"),r=0;r<s.length;r++)(t=(e=s[r]).getAttribute(\"data-secret\"))||(t=Math.random().toString(36).substring(2,12),e.src+=\"#?secret=\"+t,e.setAttribute(\"data-secret\",t)),e.contentWindow.postMessage({message:\"ready\",secret:t},\"*\")},!1)))}(window,document);\n\/\/# sourceURL=https:\/\/www.cercledecultura.org\/wp-includes\/js\/wp-embed.min.js\n<\/script>\n","thumbnail_url":"https:\/\/www.cercledecultura.org\/wp-content\/uploads\/2021\/02\/qtZqvrRp8kCzryXIFnDY8A.jpg","thumbnail_width":2048,"thumbnail_height":1365,"description":"L'acte de presentaci\u00f3 de l'Ateneu Barcelon\u00e8s al Cercle de Cultura ha estat el primer pas dels preparatius del programa Catalunya 2020 F\u00f2rum de reflexi\u00f3 sobre la cultura catalana, que t\u00e9 com a objectiu impulsar una reflexi\u00f3 integral del conjunt del sector durant els dos propers anys, que serveixi per fer de la cultura un dels principals eixos vertebradors del pa\u00eds"}

L'Ateneu Barcelonès s'adhereix al programa Catalunya 2020. Fòrum de reflexió sobre la cultura catalana - Cercle de Cultura

<blockquote class="wp-embedded-content" data-secret="Xv6SckpqJx"><a href="https://www.cercledecultura.org/ca/ateneu_barcelones_catalunya2020/">L&#8217;Ateneu Barcelonès s&#8217;adhereix al programa Catalunya 2020. Fòrum de reflexió sobre la cultura catalana</a></blockquote><iframe sandbox="allow-scripts" security="restricted" src="https://www.cercledecultura.org/ca/ateneu_barcelones_catalunya2020/embed/#?secret=Xv6SckpqJx" width="600" height="338" title="&#8220;L&#8217;Ateneu Barcelonès s&#8217;adhereix al programa Catalunya 2020. Fòrum de reflexió sobre la cultura catalana&#8221; &#8212; Cercle de Cultura" data-secret="Xv6SckpqJx" frameborder="0" marginwidth="0" marginheight="0" scrolling="no" class="wp-embedded-content"></iframe><script>
/*! This file is auto-generated */
!function(d,l){"use strict";l.querySelector&&d.addEventListener&&"undefined"!=typeof URL&&(d.wp=d.wp||{},d.wp.receiveEmbedMessage||(d.wp.receiveEmbedMessage=function(e){var t=e.data;if((t||t.secret||t.message||t.value)&&!/[^a-zA-Z0-9]/.test(t.secret)){for(var s,r,n,a=l.querySelectorAll('iframe[data-secret="'+t.secret+'"]'),o=l.querySelectorAll('blockquote[data-secret="'+t.secret+'"]'),c=new RegExp("^https?:$","i"),i=0;i<o.length;i++)o[i].style.display="none";for(i=0;i<a.length;i++)s=a[i],e.source===s.contentWindow&&(s.removeAttribute("style"),"height"===t.message?(1e3<(r=parseInt(t.value,10))?r=1e3:~~r<200&&(r=200),s.height=r):"link"===t.message&&(r=new URL(s.getAttribute("src")),n=new URL(t.value),c.test(n.protocol))&&n.host===r.host&&l.activeElement===s&&(d.top.location.href=t.value))}},d.addEventListener("message",d.wp.receiveEmbedMessage,!1),l.addEventListener("DOMContentLoaded",function(){for(var e,t,s=l.querySelectorAll("iframe.wp-embedded-content"),r=0;r<s.length;r++)(t=(e=s[r]).getAttribute("data-secret"))||(t=Math.random().toString(36).substring(2,12),e.src+="#?secret="+t,e.setAttribute("data-secret",t)),e.contentWindow.postMessage({message:"ready",secret:t},"*")},!1)))}(window,document);
//# sourceURL=https://www.cercledecultura.org/wp-includes/js/wp-embed.min.js
</script>

L'acte de presentació de l'Ateneu Barcelonès al Cercle de Cultura ha estat el primer pas dels preparatius del programa Catalunya 2020 Fòrum de reflexió sobre la cultura catalana, que té com a objectiu impulsar una reflexió integral del conjunt del sector durant els dos propers anys, que serveixi per fer de la cultura un dels principals eixos vertebradors del país
