{"version":"1.0","provider_name":"Cercle de Cultura","provider_url":"https:\/\/www.cercledecultura.org\/ca\/","title":"18 mesos per bastir una pol\u00edtica cultural. Declaraci\u00f3 del Cercle de Cultura - Cercle de Cultura","type":"rich","width":600,"height":338,"html":"<blockquote class=\"wp-embedded-content\" data-secret=\"DnSS5nc4TP\"><a href=\"https:\/\/www.cercledecultura.org\/ca\/155\/\">18 mesos per bastir una pol\u00edtica cultural. Declaraci\u00f3 del Cercle de Cultura<\/a><\/blockquote><iframe sandbox=\"allow-scripts\" security=\"restricted\" src=\"https:\/\/www.cercledecultura.org\/ca\/155\/embed\/#?secret=DnSS5nc4TP\" width=\"600\" height=\"338\" title=\"&#8220;18 mesos per bastir una pol\u00edtica cultural. Declaraci\u00f3 del Cercle de Cultura&#8221; &#8212; Cercle de Cultura\" data-secret=\"DnSS5nc4TP\" frameborder=\"0\" marginwidth=\"0\" marginheight=\"0\" scrolling=\"no\" class=\"wp-embedded-content\"><\/iframe><script>\n\/*! This file is auto-generated *\/\n!function(d,l){\"use strict\";l.querySelector&&d.addEventListener&&\"undefined\"!=typeof URL&&(d.wp=d.wp||{},d.wp.receiveEmbedMessage||(d.wp.receiveEmbedMessage=function(e){var t=e.data;if((t||t.secret||t.message||t.value)&&!\/[^a-zA-Z0-9]\/.test(t.secret)){for(var s,r,n,a=l.querySelectorAll('iframe[data-secret=\"'+t.secret+'\"]'),o=l.querySelectorAll('blockquote[data-secret=\"'+t.secret+'\"]'),c=new RegExp(\"^https?:$\",\"i\"),i=0;i<o.length;i++)o[i].style.display=\"none\";for(i=0;i<a.length;i++)s=a[i],e.source===s.contentWindow&&(s.removeAttribute(\"style\"),\"height\"===t.message?(1e3<(r=parseInt(t.value,10))?r=1e3:~~r<200&&(r=200),s.height=r):\"link\"===t.message&&(r=new URL(s.getAttribute(\"src\")),n=new URL(t.value),c.test(n.protocol))&&n.host===r.host&&l.activeElement===s&&(d.top.location.href=t.value))}},d.addEventListener(\"message\",d.wp.receiveEmbedMessage,!1),l.addEventListener(\"DOMContentLoaded\",function(){for(var e,t,s=l.querySelectorAll(\"iframe.wp-embedded-content\"),r=0;r<s.length;r++)(t=(e=s[r]).getAttribute(\"data-secret\"))||(t=Math.random().toString(36).substring(2,12),e.src+=\"#?secret=\"+t,e.setAttribute(\"data-secret\",t)),e.contentWindow.postMessage({message:\"ready\",secret:t},\"*\")},!1)))}(window,document);\n\/\/# sourceURL=https:\/\/www.cercledecultura.org\/wp-includes\/js\/wp-embed.min.js\n<\/script>\n","thumbnail_url":"https:\/\/www.cercledecultura.org\/wp-content\/uploads\/2021\/02\/o1hWprLjEUWS34exawQVCg.jpg","thumbnail_width":1677,"thumbnail_height":1118,"description":"El Cercle de Cultura adre\u00e7a una declaraci\u00f3 al Conseller Santi Vila sobre la import\u00e0ncia estrat\u00e8gica de les pol\u00edtiques culturals. M\u00e9s enll\u00e0 del pes de la cultura als futurs pressupostos de la Generalitat, la declaraci\u00f3 prioritza 4 temes: Un gran Acord Cultural amb el conjunt de forces pol\u00edtiques, institucions i agents del sector i s'estableixi una agenda estable de col\u00b7laboraci\u00f3 amb el m\u00f3n municipal; la construcci\u00f3 d'un nou escenari de col\u00b7laboraci\u00f3 amb els agents de la cultura, revisant a fons el marc normatiu i financer per a que el sector cultural desplegui totes les seves potencialitats cap als mercats propis i exteriors; prioritzar la promoci\u00f3 de la demanda, amb un pla de treball amb el m\u00f3n de l'educaci\u00f3 i una\u00a0 incentivaci\u00f3 efica\u00e7 del consum cultural; i el paper d'exemplaritat que han de jugar dels grans equipaments culturals nacionals."}

18 mesos per bastir una política cultural. Declaració del Cercle de Cultura - Cercle de Cultura

<blockquote class="wp-embedded-content" data-secret="DnSS5nc4TP"><a href="https://www.cercledecultura.org/ca/155/">18 mesos per bastir una política cultural. Declaració del Cercle de Cultura</a></blockquote><iframe sandbox="allow-scripts" security="restricted" src="https://www.cercledecultura.org/ca/155/embed/#?secret=DnSS5nc4TP" width="600" height="338" title="&#8220;18 mesos per bastir una política cultural. Declaració del Cercle de Cultura&#8221; &#8212; Cercle de Cultura" data-secret="DnSS5nc4TP" frameborder="0" marginwidth="0" marginheight="0" scrolling="no" class="wp-embedded-content"></iframe><script>
/*! This file is auto-generated */
!function(d,l){"use strict";l.querySelector&&d.addEventListener&&"undefined"!=typeof URL&&(d.wp=d.wp||{},d.wp.receiveEmbedMessage||(d.wp.receiveEmbedMessage=function(e){var t=e.data;if((t||t.secret||t.message||t.value)&&!/[^a-zA-Z0-9]/.test(t.secret)){for(var s,r,n,a=l.querySelectorAll('iframe[data-secret="'+t.secret+'"]'),o=l.querySelectorAll('blockquote[data-secret="'+t.secret+'"]'),c=new RegExp("^https?:$","i"),i=0;i<o.length;i++)o[i].style.display="none";for(i=0;i<a.length;i++)s=a[i],e.source===s.contentWindow&&(s.removeAttribute("style"),"height"===t.message?(1e3<(r=parseInt(t.value,10))?r=1e3:~~r<200&&(r=200),s.height=r):"link"===t.message&&(r=new URL(s.getAttribute("src")),n=new URL(t.value),c.test(n.protocol))&&n.host===r.host&&l.activeElement===s&&(d.top.location.href=t.value))}},d.addEventListener("message",d.wp.receiveEmbedMessage,!1),l.addEventListener("DOMContentLoaded",function(){for(var e,t,s=l.querySelectorAll("iframe.wp-embedded-content"),r=0;r<s.length;r++)(t=(e=s[r]).getAttribute("data-secret"))||(t=Math.random().toString(36).substring(2,12),e.src+="#?secret="+t,e.setAttribute("data-secret",t)),e.contentWindow.postMessage({message:"ready",secret:t},"*")},!1)))}(window,document);
//# sourceURL=https://www.cercledecultura.org/wp-includes/js/wp-embed.min.js
</script>

El Cercle de Cultura adreça una declaració al Conseller Santi Vila sobre la importància estratègica de les polítiques culturals. Més enllà del pes de la cultura als futurs pressupostos de la Generalitat, la declaració prioritza 4 temes: Un gran Acord Cultural amb el conjunt de forces polítiques, institucions i agents del sector i s'estableixi una agenda estable de col·laboració amb el món municipal; la construcció d'un nou escenari de col·laboració amb els agents de la cultura, revisant a fons el marc normatiu i financer per a que el sector cultural desplegui totes les seves potencialitats cap als mercats propis i exteriors; prioritzar la promoció de la demanda, amb un pla de treball amb el món de l'educació i una  incentivació eficaç del consum cultural; i el paper d'exemplaritat que han de jugar dels grans equipaments culturals nacionals.
